1. What is u(206)?
13
Let q(s) = 2*s**3 + 202*s**2 - 203*s - 177. Calculate q(-102).
-279
Let k(p) = p**2 + 18767*p - 93861. What is k(5)?
-1
Let j(l) = -3732*l + 18353. What is j(5)?
-307
Let n(t) = -2*t**2 - 2*t + 732. Calculate n(-17).
188
Let k(y) = -10*y**3 + 2*y**2 + 48*y - 100. What is k(3)?
-208
Let a(s) = 12087*s - 398865. Determine a(33).
6
Let u(s) = 112245*s + 44897994. Determine u(-400).
-6
Let x(h) = 2*h**3 + 11*h**2 - 5635*h - 16951. Calculate x(-3).
-1
Let d(n) = n**3 + 191*n**2 + 2106*n + 53558. What is d(-181)?
-18
Let z(u) = 805*u - 2709. Give z(4).
511
Let c(k) = -2*k**3 + 361*k**2 + 4823*k + 398. Give c(193).
12
Let q(x) = -124158*x - 14898963. Calculate q(-120).
-3
Let p(q) = 213*q**3 - 3*q**2 - 14*q - 12. Calculate p(-1).
-214
Let q(c) = 70558*c - 141197. Give q(2).
-81
Let p(j) = 2*j**3 + 250*j**2 + 5701*j + 110. What is p(-95)?
15
Let y(l) = 6*l**2 + 573*l - 30973. Determine y(-134).
-19
Let m(g) = 4311*g - 293. Calculate m(0).
-293
Let y(p) = p**3 + 67*p**2 + 1008*p + 644. Calculate y(-21).
-238
Let h(w) = 6690*w + 273282. Give h(-41).
-1008
Let v(i) = -5*i**2 + 196*i - 861. What is v(33)?
162
Let g(w) = 61*w**2 + 657*w + 672. Give g(-5).
-1088
Let t(y) = -4712*y + 607516. Give t(129).
-332
Let c(o) = -189253*o - 6623845. What is c(-35)?
10
Let u(r) = -2235*r**2 + 11205*r + 3. Give u(5).
153
Let y(b) = b**2 - 11190*b - 539417. Calculate y(-48).
7
Let f(h) = -522664*h - 1567994. Determine f(-3).
-2
Let w(o) = 19825*o - 198307. Calculate w(10).
-57
Let s(f) = -10585*f + 762134. Calculate s(72).
14
Let h(c) = 6334*c - 57196. Calculate h(9).
-190
Let o(b) = -b**3 - 166*b**2 + 749*b + 396. Calculate o(5).
-134
Let t(c) = -2*c**3 - 139*c**2 - 907*c + 5. Calculate t(-7).
229
Let y(b) = -3717*b - 1297246. Give y(-349).
-13
Let v(c) = -325*c - 34043. What is v(-105)?
82
Let v(d) = -5904*d - 702543. Determine v(-119).
33
Let h(s) = -1574*s - 67027. Calculate h(-43).
655
Let z(c) = -640*c + 1258. Determine z(3).
-662
Let u(w) = 2*w**2 + 21110*w - 21109. What is u(1)?
3
Let x(g) = 57*g + 3097. Give x(-49).
304
Let g(r) = r**3 - 550*r**2 - 4567*r + 2511850. Calculate g(550).
0
Let j(o) = 274800*o - 4671607. Give j(17).
-7
Let u(r) = -30810*r - 3758825. Calculate u(-122).
-5
Let x(k) = k**3 + 25*k**2 + 46*k - 136. What is x(-23)?
-136
Let c(k) = -165740*k - 662971. What is c(-4)?
-11
Let v(k) = -k**3 - 26*k**2 + 259*k - 104. Give v(-35).
1856
Let q(t) = -1505*t + 241978. Determine q(161).
-327
Let n(h) = -3*h**3 + 504*h**2 + 13*h - 2203. Determine n(168).
-19
Let u(b) = -b**3 - 31*b**2 - 77*b + 2126. Determine u(-24).
-58
Let r(v) = -v**3 + 34*v**2 - 17*v - 101. Give r(14).
3581
Let s(q) = 2*q**2 - 239*q + 7163. Calculate s(59).
24
Let q(n) = 48873*n - 928281. Calculate q(19).
306
Let u(z) = 7408*z - 89080. What is u(12)?
-184
Let f(n) = -n**2 - 58878*n + 3182345. Determine f(54).
17
Let s(q) = q**2 - 2124*q + 466914. What is s(249)?
39
Let r(h) = h**3 + 309*h**2 - 297*h + 4113. Calculate r(-310).
83
Let g(f) = 101*f**2 - 4602*f - 2016. Give g(46).
8
Let v(g) = -1182311*g - 5911548. What is v(-5)?
7
Let i(d) = 81*d**3 - 169*d**2 - 8*d + 8. Calculate i(2).
-36
Let p(k) = -1572*k + 2904. What is p(2)?
-240
Let r(d) = 30*d**3 + 14*d**2 + 8*d - 33. Calculate r(-4).
-1761
Let v(k) = 2*k**2 - 2213*k - 1212824. Determine v(-402).
10
Let n(r) = 878*r - 247512. Determine n(282).
84
Let m(k) = 2*k**3 + 65*k**2 + 206*k + 100. What is m(-29)?
13
Let z(n) = 2*n**3 + 49*n**2 + 46*n + 2. Give z(-23).
531
Let s(j) = j**2 - 3558*j + 53124. What is s(15)?
-21
Let t(i) = -7*i**3 - 251*i**2 - 57*i - 3373. Determine t(-36).
-25
Let m(i) = -2*i**3 - 214*i**2 + 258*i + 4073. What is m(-108)?
-463
Let z(k) = k**2 + 33736*k - 573850. Give z(17).
-49
Let j(m) = 47021*m + 329076. Give j(-7).
-71
Let c(f) = -f**2 + 3380*f + 81694. Calculate c(-24).
-2
Let i(y) = y**3 + 188*y**2 - 19748*y - 6051. What is i(-263)?
-2
Let k(r) = -33*r**2 + 6048*r + 10547. Determine k(185).
2
Let u(j) = 67623*j - 473355. What is u(7)?
6
Let m(j) = 2100*j - 220562. What is m(105)?
-62
Let a(g) = 66*g + 1355. What is a(-15)?
365
Let y(n) = 19630*n - 5. Determine y(0).
-5
Let f(i) = -32742*i + 2062744. Calculate f(63).
-2
Let k(j) = -34*j**2 + 1296*j - 376. Calculate k(36).
2216
Let z(k) = -7*k**2 - 5747*k + 80357. Calculate z(14).
-1473
Let c(q) = -248730*q - 4228415. Give c(-17).
-5
Let r(c) = 19*c**2 - 283*c - 2291. Give r(20).
-351
Let g(s) = 68728*s - 206788. Give g(3).
-604
Let f(v) = v**3 - 124*v**2 - 1457*v + 34586. What is f(133)?
6
Let r(l) = l**3 - 52*l**2 + 24*l - 8299. Determine r(56).
5589
Let y(u) = u**3 - 190*u**2 + 115*u - 21734. What is y(190)?
116
Let o(x) = -14*x**2 + 1585*x + 26494. Give o(128).
-2
Let j(d) = -1933*d + 34684. Give j(18).
-110
Let m(g) = 77549*g**2 + 232566*g - 246. Give m(-3).
-3
Let d(p) = p**3 - 5*p**2 - 1128*p + 6983. Calculate d(6).
251
Let l(h) = h**2 - 7*h + 5. Give l(-3).
35
Let x(n) = -n**2 + 200*n - 9630. What is x(121)?
-71
Let h(z) = 32*z**3 - 33*z**2 - 11*z + 152. Determine h(2).
254
Let u(p) = -2*p**3 + 1257*p**2 - 143873*p - 2386. What is u(478)?
4
Let c(o) = 19*o**2 - 1619*o - 20191. Determine c(-11).
-83
Let n(q) = -43563*q - 43259. Determine n(-1).
304
Let o(c) = 11154*c - 55906. What is o(5)?
-136
Let k(z) = -148*z**2 - 7857*z - 834. What is k(-53)?
-145
Let k(i) = i**3 + 23*i**2 + 102*i + 93. What is k(-18)?
-123
Let w(m) = 3*m**3 + 9*m**2 - 128*m + 28. What is w(-8)?
92
Let m(i) = -2*i**3 - 43*i**2 - 342*i - 8060. What is m(-22)?
-52
Let l(v) = 2*v**3 - 58*v**2 - 1382*v + 21462. Determine l(12).
-18
Let s(t) = 20648*t - 6504114. Give s(315).
6
Let c(o) = -o**2 + 83*o + 850. Determine c(-9).
22
Let v(n) = 6*n**2 - 569*n + 1938. Give v(91).
-155
Let o(a) = a**2 - 6*a - 141196. Determine o(-373).
171
Let l(c) = -2*c**3 + 125*c**2 - 67*c - 265. What is l(62)?
-575
Let g(c) = c**3 + 1001*c**2 - 97006*c - 370. Calculate g(89).
-14
Let i(c) = 4980*c + 19145. Give i(-4).
-775
Let n(i) = -153*i**3 + 5*i**2 + 3*i - 1. Calculate n(2).
-1199
Let u(r) = r**2 + 89*r + 399. Calculate u(-87).
225
Let o(i) = -i**3 + 42*i**2 + 303*i - 5465. Calculate o(46).
9
Let h(l) = 2*l**3 + 5*l**2 - 950*l - 13. Calculate h(-23).
148
Let w(k) = -3966*k**2 - 55522*k + 32. Give w(-14).
4
Let o(f) = -43*f**2 + 13834*f + 3859. Calculate o(322).
-5
Let m(p) = 2*p**2 - 372*p - 11086. What is m(-26)?
-62
Let j(k) = -229987*k - 12189264. Give j(-53).
47
Let z(i) = -2925*i - 11188. What is z(-4)?
512
Let o(x) = -9*x**2 + 5306*x + 451530. Give o(665).
-5
Let g(d) = 43*d**2 + 3996*d - 137. Calculate g(0).
-137
Let r(t) = 1425*t + 515839. Give r(-362).
-11
Let j(d) = 8*d**3 + 588*d**2 + 1422*d + 135. What is j(-71)?
-7
Let f(o) = -223*o + 122509. What is f(549)?
82
Let i(k) = 846*k + 447486. What is i(-529)?
-48
Let t(h) = -h**2 + 31344*h - 94010. What is t(3)?
13
Let m(g) = g**2 + 93*g + 388. Calculate m(-81).
-584
Let k(a) = a**3 - 229*a**2 + 1403*a - 14438. Give k(223).
57
Let c(q) = q**3 + 118*q**2 + 3*q + 465. Give c(-118).
111
Let w(p) = 24425*p + 806049. What is w(-33)?
24
Let u(h) = 500*h + 65013. What is u(-130)?
13
Let m(k) = 39*k**3 + 784*k**2 + 87*k + 183. Calculate m(-20).
43
Let v(t) = 4968*t - 263298. Give v(53).
6
Let c(g) = g**3 + 72*g**2 + 39*g - 2225. Determine c(-71).
47
Let l(b) = 25926*b - 2255584. What is l(87)?
-22
Let l(o) = 349399*o - 349292. What is l(1)?
107
Let l(r) = r**2 - 430*r + 22435. Give l(63).
-686
Let u(a) = -5*a**3 + 65*a**2 - 37*a + 337. Determine u(11).
1140
Let x(t) = -28*t**3 - 137*t**2 - 41*t - 187. Determine x(-5).
93
Let i(p) = 53205*p + 319240. What is i(-6)?
10
Let k(n) = n**3 - 38*n**2 - 2761*n + 103500. Give k(37).
-26
Let f(y) = -169*y - 2364. What is f(-9)?
-843
Let m(c) = -c**2 + 13353*c + 280805. Give m(-21).
-49
Let l(h) = -16*h**2 + 14703*h + 987. What is l(919)?
68
Let s(p) = -5511*p - 99205. What is s(-18)?
-7
Let y(a) = -a**2 - 10660*a + 53346. Determine y(5).
21
Let i(u) = -2*u**2 + 131*u - 1787. Calculate i(44).
105
Let k(h) = -7949*h - 95408. Give k(-12).
-20
Let s(n) = -n**3 - 104*n + 412. What is s(4)?
-68
Let c(m) = 2*m**3 - 27*m**2 - 204*m - 171. What is c(19)?
-76
Let o(z) = 2*z**3 + 71*z**2 + 192*z - 707. Give o(-32).
317
Let y(d) = -12*d**2 - 255*d - 655. Determine y(-3).
2
Let b(d) = 3*d**3 + 1